 15.
5
14 (base 11) to base 6
23
What is 0 (base 8) in base 12?
0
-62 (base 8) to base 10
-50
Convert -3 (base 11) to base 15.
-3
What is 8 (base 9) in base 2?
1000
What is -7 (base 16) in base 12?
-7
What is 2f (base 16) in base 2?
101111
Convert -7 (base 16) to base 14.
-7
23 (base 15) to base 3
1020
Convert 11a (base 15) to base 12.
18a
Convert -35 (base 7) to base 10.
-26
Convert 9 (base 16) to base 7.
12
What is -414 (base 5) in base 7?
-214
Convert 0 (base 2) to base 5.
0
101 (base 3) to base 16
a
Convert -48 (base 16) to base 3.
-2200
What is 15 (base 7) in base 6?
20
Convert 1 (base 14) to base 9.
1
What is 6f (base 16) in base 11?
a1
Convert 20 (base 4) to base 3.
22
-55 (base 10) to base 5
-210
What is -2 (base 13) in base 8?
-2
What is -c (base 16) in base 11?
-11
Convert 3 (base 7) to base 15.
3
Convert -2 (base 6) to base 9.
-2
What is 1220 (base 3) in base 14?
39
4 (base 15) to base 16
4
Convert 220 (base 3) to base 13.
1b
Convert -15 (base 13) to base 3.
-200
-3 (base 7) to base 8
-3
Convert -c (base 13) to base 6.
-20
What is 131 (base 11) in base 3?
12202
221 (base 9) to base 3
20201
Convert -3 (base 15) to base 6.
-3
What is 3 (base 12) in base 8?
3
13 (base 12) to base 11
14
Convert -2 (base 5) to base 8.
-2
Convert -2 (base 6) to base 5.
-2
-5 (base 7) to base 9
-5
Convert -42 (base 6) to base 14.
-1c
1 (base 3) to base 16
1
What is -64 (base 8) in base 11?
-48
Convert 0 (base 9) to base 13.
0
What is -3 (base 11) in base 4?
-3
What is 163 (base 7) in base 14?
6a
Convert 0 (base 14) to base 2.
0
What is 4 (base 5) in base 13?
4
What is -10 (base 15) in base 14?
-11
Convert 224 (base 6) to base 8.
130
11010 (base 2) to base 8
32
Convert 40 (base 13) to base 4.
310
What is -4 (base 7) in base 15?
-4
What is -10 (base 2) in base 9?
-2
Convert 14 (base 5) to base 7.
12
What is -10 (base 6) in base 8?
-6
What is -255 (base 7) in base 15?
-93
What is 3b (base 15) in base 4?
320
Convert 2 (base 3) to base 14.
2
Convert -1 (base 13) to base 11.
-1
226 (base 8) to base 14
aa
-14 (base 9) to base 5
-23
Convert 211 (base 4) to base 7.
52
Convert -1313 (base 4) to base 15.
-7e
-1 (base 10) to base 9
-1
Convert -18 (base 9) to base 15.
-12
135 (base 6) to base 9
65
13 (base 16) to base 11
18
Convert -42 (base 6) to base 16.
-1a
24 (base 6) to base 15
11
-1 (base 2) to base 14
-1
Convert 2 (base 10) to base 2.
10
What is 0 (base 16) in base 10?
0
What is 11 (base 5) in base 9?
6
-4 (base 8) to base 13
-4
What is -540 (base 7) in base 2?
-100010001
What is 1 (base 12) in base 15?
1
What is 0 (base 14) in base 6?
0
Convert -21 (base 4) to base 2.
-1001
112 (base 5) to base 10
32
What is -21 (base 3) in base 14?
-7
-273 (base 9) to base 5
-1403
-54 (base 6) to base 2
-100010
6 (base 7) to base 13
6
What is -144 (base 7) in base 8?
-121
Convert 64 (base 13) to base 2.
1010010
Convert 1d (base 16) to base 4.
131
What is -7 (base 11) in base 2?
-111
What is -143 (base 5) in base 7?
-66
1 (base 9) to base 8
1
What is 220 (base 4) in base 9?
44
What is 5 (base 6) in base 15?
5
199 (base 10) to base 6
531
-1 (base 13) to base 4
-1
-3 (base 15) to base 4
-3
What is -40 (base 7) in base 9?
-31
What is 6 (base 7) in base 11?
6
7 (base 14) to base 15
7
1002 (base 4) to base 2
1000010
What is 2 (base 7) in base 11?
2
What is -145 (base 12) in base 10?
-197
What is -13 (base 11) in base 4?
-32
-1 (base 9) to base 12
-1
Convert -6 (base 10) to base 5.
-11
Convert -10001001 (base 2) to base 14.
-9b
Convert -19 (base 12) to base 11.
-1a
What is 0 (base 8) in base 2?
0
110 (base 4) to base 14
16
Convert 11 (base 6) to base 7.
10
What is -1a (base 11) in base 7?
-30
What is 6a (base 15) in base 14?
72
23 (base 5) to base 10
13
Convert -5 (base 13) to base 7.
-5
What is 1 (base 16) in base 15?
1
Convert 1 (base 3) to base 2.
1
Convert 11 (base 12) to base 16.
d
What is -4 (base 5) in base 15?
-4
Convert -141 (base 8) to base 11.
-89
What is -33 (base 13) in base 10?
-42
Convert -1 (base 2) to base 8.
-1
What is 1 (base 10) in base 15?
1
Convert 16 (base 7) to base 13.
10
What is -2 (base 15) in base 11?
-2
What is -1 (base 15) in base 5?
-1
-150 (base 6) to base 11
-60
What is -31 (base 6) in base 14?
-15
What is -3 (base 8) in base 12?
-3
What is -21 (base 11) in base 2?
-10111
3 (base 15) to base 11
3
-7 (base 15) to base 11
-7
37 (base 10) to base 4
211
Convert -33 (base 9) to base 8.
-36
What is -10 (base 11) in base 10?
-11
-45 (base 7) to base 12
-29
What is 26 (base 10) in base 14?
1c
11 (base 3) to base 9
4
What is -2 (base 11) in base 9?
-2
Convert -152 (base 13) to base 11.
-1a5
Convert -7 (base 13) to base 15.
-7
What is 0 (base 7) in base 14?
0
41 (base 8) to base 5
113
Convert -a8 (base 14) to base 16.
-94
Convert 1 (base 16) to base 3.
1
What is 131 (base 15) in base 10?
271
What is 2 (base 3) in base 6?
2
What is 0 (base 15) in base 5?
0
What is -44 (base 16) in base 9?
-75
20 (base 5) to base 10
10
What is -104 (base 8) in base 9?
-75
Convert 4 (base 12) to base 5.
4
-5 (base 8) to base 12
-5
Convert 1 (base 11) to base 7.
1
25 (base 6) to base 7
23
What is 3 (base 7) in base 15?
3
Convert 16 (base 7) to base 8.
15
Convert -104 (base 10) to base 11.
-95
2 (base 10) to base 9
2
What is -4 (base 15) in base 12?
-4
What is 1 (base 6) in base 15?
1
-3 (base 12) to base 9
-3
Convert -12 (base 5) to base 14.
-7
Convert 231 (base 4) to base 2.
101101
6 (base 16) to base 10
6
-45 (base 6) to base 13
-23
What is 1b (base 13) in base 9?
26
0 (base 10) to base 14
0
What is 12 (base 15) in base 14?
13
What is 7d (base 15) in base 6?
314
Convert -3 (base 15) to base 16.
-3
0 (base 2) to base 9
0
What is ac (base 16) in base 6?
444
Convert 3 (base 9) to base 10.
3
-33 (base 5) to base 4
-102
What is -13 (base 6) in base 16?
-9
-154 (base 7) to base 2
-1011000
4 (base 9) to base 8
4
What is -506 (base 7) in base 3?
-100022
What is 120 (base 3) in base 16?
f
What is -1 (base 15) in base 6?
-1
What is 44 (base 5) in base 16?
18
-a5 (base 15) to base 8
-233
Convert 3 (base 8) to base 13.
3
What is a3 (base 14) in base 12?
bb
17 (base 13) to base 15
15
What is 7 (base 13) in base 8?
7
Convert -5 (base 12) to base 8.
-5
10 (base 3) to base 9
3
What is 33 (base 6) in base 8?
25
Convert -2 (base 5) to base 4.
-2
What is -1 (base 9) in base 5?
-1
Convert -1 (base 5) to base 12.
-1
16 (base 9) to base 14
11
Convert -1023 (base 5) to base 14.
-9c
Convert -10 (base 3) to base 7.
-3
What is 0 (base 7) in base 8?
0
What is 2 (base 7) in base 16?
2
Convert 4 (base 6) to base 9.
4
-1111 (base 2) to base 6
-23
What is 10 (base 10) in base 13?
a
-11 (base 14) to base 7
-21
-240 (base 9) to base 2
-11000110
What is -53 (base 14) in base 8?
-111
Convert -b (base 16) to base 3.
-102
1 (base 16) to base 7
1
Convert -3 (base 7) to base 10.
-3
5c (base 13) to base 16
4d
Convert -101 (base 4) to base 6.
-25
What is -4 (base 10) in base 11?
-4
Convert 21 (base 8) to base 2.
10001
-22 (base 7) to base 2
-10000
Convert -3 (base 11) to base 10.
-3
What is -65 (base 9) in base 12?
-4b
What is 110 (base 2) in base 3?
20
-211 (base 9) to base 7
-334
93 (base 16) to base 15
9c
Convert 12 (base 5) to base 16.
7
What is 2 (base 12) in base 2?
10
Convert -10100 (base 2) to base 8.
-24
-4 (base 11) to base 9
-4
Convert -1055 (base 6) to base 5.
-2001
-10 (base 3) to base 11
-3
Convert -5 (base 14) to base 7.
-5
What is -6 (base 13) in base 4?
-12
What is 4 (base 14) in base 8?
4
-38 (base 9) to base 15
-25
Convert -81 (base 15) to base 14.
-89
What is -100 (base 2) in base 13?
-4
66 (base 15) to base 5
341
-4 (base 8) to base 16
-4
What is 16 (base 9) in base 5?
30
21 (base 3) to base 5
12
What is 21 (base 3) in base 5?
12
What is 222 (base 3) in base 10?
26
-200 (base 4) to base 16
-20
Convert -2211 (base 3) to base 14.
-56
-12112 (base 3) to base 7
-302
Convert 11 (base 16) to base 8.
21
What is -10 (base 2) in base 3?
-2
2 (base 12) to base 8
2
1e (base 16) to base 2
11110
Convert -1 (base 14) to base 7.
-1
1 (base 7) to base 11
1
Convert 36 (base 10) to base 7.
51
What is -1 (base 6) in base 5?
-1
Convert 101 (base 3) to base 9.
11
Convert -10011 (base 2) to base 13.
-16
What is -4 (base 7) in base 6?
-4
2 (base 11) to base 7
2
Convert -37 (base 9) to base 5.
-114
-25 (base 12) to ba